56 = 9*r. Let c = r - l. What are the prime factors of c?
2, 3
Let l = -37 + 27. Let b be (-4)/l + (-156)/65. What are the prime factors of 155 + (b - 5 - -4)?
2, 19
Suppose -4*c = -4*h + 11408, 3*h + 5714 = 5*h - 4*c. What are the prime factors of h?
3, 13, 73
Suppose 0 = -3*d - 4*a + 29, -52 + 4 = -4*d + 4*a. Let o(l) = 420*l - 11. Let z be o(d). What are the prime factors of z/55 - 2/(-10)?
2, 3, 7
Let s(p) = -965*p**3 + p**2 + 10*p + 11. List the prime factors of s(-2).
5, 1543
Let h = -1469 - -5774. What are the prime factors of h?
3, 5, 7, 41
Let l be ((-30)/12)/((-10)/24). Suppose -4*q - 788 = -l*q. List the prime factors of q.
2, 197
Let p(r) = -104*r + 21. Suppose 11 - 27 = 4*o. List the prime factors of p(o).
19, 23
Let l(x) = x**2 - 56*x - 52. Let v be l(18). Let z = -620 - v. List the prime factors of z.
2, 29
Suppose -y - 18 = 2*m - 4, -m - 5*y = 16. List the prime factors of (((-150)/(-20))/5)/(m/(-3292)).
823
Suppose 0 = 2*v + 12 - 158. Let k = v - 53. Suppose k = s - 77. What are the prime factors of s?
97
What are the prime factors of (-13 - 1) + (-898560)/(-156)?
2, 13, 17
Let w(c) = 2135*c + 340. What are the prime factors of w(22)?
2, 3, 5, 19, 83
Suppose 45*g - 48*g + 2*t + 17132 = 0, 3*t = 3*g - 17133. List the prime factors of g.
2, 5, 571
Let p(t) = 2*t**3 + 6*t**2 - 19. Let a be p(-5). Suppose i = -5, -4*i - 78 = 2*s + 120. Let q = s - a. What are the prime factors of q?
2, 3, 5
Let g(a) = -a**3 - 24*a**2 - 22*a - 7. Let n be g(-23). What are the prime factors of (-405)/n - 6/4?
2, 3
Suppose -5*j + 6*g - 11*g = -50, 5*j = -2*g + 38. Suppose 1150 = j*h - 170. What are the prime factors of h?
2, 5, 11
Suppose -608*q - 599*q + 1224*q - 727039 = 0. List the prime factors of q.
42767
Suppose -61*o + 505600 = 30*o - 1386290. List the prime factors of o.
2, 3, 5, 7, 11
Suppose 5*t - i = 1289, -622 - 402 = -4*t - i. Let u = t + -81. List the prime factors of u.
2, 11
Let v = 775 - -28773. What are the prime factors of v?
2, 83, 89
List the prime factors of 2/14 + (17 - 15 - (-208104)/42).
4957
Let h be (-27)/3*((-2)/3 + 0). Suppose h*a = -2*a + 648. Suppose -5*q = -214 - a. List the prime factors of q.
59
Suppose -24 = 3*w, -3*b - 5*w + 18786 + 10163 = 0. What are the prime factors of b?
3, 3221
Let f(o) = 15*o**2 - 2*o + 11. Let c be f(3). Let s = c + -82. List the prime factors of s.
2, 29
Suppose 0 = -3*g + 416 - 386. Suppose -z + 1060 = 5*v, 0*z = 2*z - g. List the prime factors of v.
211
Let o = -23 - -41. Let n be -4*o/(-12)*(-2)/(-6). What are the prime factors of 1/(n/(-4)) + 45 + -16?
3
Let m be (4 - 5/(-5)) + -7. Let j(o) = 170*o**2 - 4*o - 3. List the prime factors of j(m).
5, 137
Let l = -3884 + 5932. List the prime factors of l.
2
Let c = 621 - 1070. Let p = 237 + c. Let m = 377 + p. What are the prime factors of m?
3, 5, 11
Suppose 23 = 7*n - 26. Suppose -4*t = -4*x + 20, -n = -3*x + 5*t + 18. List the prime factors of 58 + 1 - (x/(-4))/2.
59
List the prime factors of ((-5 - 4)*(-1351)/(-6))/((-510)/680).
2, 7, 193
Let z(h) = h**3 - 12*h**2 - 40*h - 8. Let s be 5 + -1*(-84)/7. What are the prime factors of z(s)?
757
Let q(p) = 10*p**3 + 8*p**2 - 5*p + 76. List the prime factors of q(9).
13, 613
Let l = 78 - 75. Let y(a) = 22*a - 11. Let d be y(l). Suppose 0 = 51*z - d*z + 808. List the prime factors of z.
2, 101
Let b be 2/(-4)*(3 + -3). Suppose 5*m + b*p = -p + 2774, 5*p = 4*m - 2225. Suppose 0 = 10*w - 225 - m. List the prime factors of w.
2, 3, 13
Let y = -587 - -332. List the prime factors of y/(-10) + (-3)/(-6).
2, 13
Suppose 0 = -b - 3*n + 21272, 22*b - 17*b + 3*n = 106360. List the prime factors of b.
2, 2659
Suppose -304049 - 37868 = -37*v. What are the prime factors of v?
9241
Let v = 540 - 531. Suppose -219 = -5*t - 3*o, 5*o + 19 = v. What are the prime factors of t?
3, 5
Suppose -28 = 3*v + 4*v. Let u be (-1 + (-142)/v)*230/15. Suppose -2*a + 5*z = -199, -5*a + 2*z + 0*z = -u. What are the prime factors of a?
107
Let u = 73 - 78. List the prime factors of (-45 - -4)/(u/65).
13, 41
Let l(p) = 1423*p + 426. What are the prime factors of l(4)?
2, 7, 19, 23
Let q = 22032 - 8469. What are the prime factors of q?
3, 11, 137
Suppose -16*u + 11381 = -635. Let d = u - 78. List the prime factors of d.
673
Let v(r) = r**3 + 9*r**2 - r + 3. Let c be v(-9). Let d(w) = -w**3 + 13*w**2 + w - 1. What are the prime factors of d(c)?
5, 31
Let m = 283 + -280. Suppose -3*h - 3969 = -m*y, -5*h = -20*y + 17*y + 3975. List the prime factors of y.
2, 3, 5, 11
Let c(b) = b**3 - 12*b**2 - 31*b + 22. Let m be c(14). List the prime factors of (316/m - 5)/(6/(-255)).
2, 13, 17
Let k be ((-6)/4)/((-19)/((-304)/6)). List the prime factors of ((-8)/(-2))/(k/(-632)).
2, 79
Suppose 0 = -12*c - 227 + 1667. Suppose a + 8 = c. What are the prime factors of a?
2, 7
Suppose -3*o = 2*t - 6193, 190*o + 3095 = t + 191*o. List the prime factors of t.
2, 773
Suppose 124395 - 463503 = -42*z + 9*z. List the prime factors of z.
2, 7, 367
Let x(t) = 448*t - 918. What are the prime factors of x(11)?
2, 5, 401
Let v(p) = 8915*p**2 + 10*p - 10. What are the prime factors of v(1)?
5, 1783
Suppose 3860 = 3*w + 668. Let i be (-6 - (-156)/27) + w/9. Let x = i - 72. What are the prime factors of x?
2, 23
Suppose -2*w - 20*d = -22*d - 36444, -2*d = -4*w + 72894. What are the prime factors of w?
3, 5
Let t(p) = 3*p**3 - 6*p**2 - 44*p - 24. Let b be t(-18). What are the prime factors of (-1)/(-2)*(-29)/(232/b)?
3, 389
Let o(r) = -508*r + 165. What are the prime factors of o(-4)?
13
Suppose 0 = -2*a + 3*w - 6*w + 111, a = -2*w + 53. Suppose -a = -l + 35. Suppose 2*m + 3*p = 95, 2*m - l = -3*p - p. What are the prime factors of m?
43
Suppose u - 13722 - 12752 = 10954. List the prime factors of u.
2, 3, 3119
Suppose 44 = 2*d - 82. Let r be ((-93)/(-4))/((-144)/(-960)). Suppose -d*j = -64*j + r. What are the prime factors of j?
5, 31
Let x be ((-1623)/6 + -1)*(-20)/15. Suppose 9*m - 13*m + 956 = 0. Let t = x - m. List the prime factors of t.
3, 41
Let t(b) = -846*b + 1834. What are the prime factors of t(-23)?
2, 5323
Let t(x) = 140*x**3 - 9*x**2 + 9*x. Let f be t(5). Suppose -12*a = -2*a + f. List the prime factors of a/(-18) - (3 - 75/27).
2, 3
Suppose 13*c - 5*c + 56 = 0. Let z(d) = d**2 + 3*d + 3. Let w be z(c). Suppose -23 = -s + w. List the prime factors of s.
2, 3
Let u = 9285 + -5107. Suppose -u = -15*l + 18757. What are the prime factors of l?
11, 139
Let n(r) be the third derivative of r**5/60 - r**4/12 + 7*r**3/6 + 30*r**2. Let v be n(-5). List the prime factors of ((-4305)/v)/(2/(-4)).
5, 41
Suppose 5105840 + 6322516 = 631*s + 1655428. What are the prime factors of s?
2, 11
List the prime factors of (13108134/(-169))/(-6) - 4/26.
3, 31, 139
Suppose -c = 3*c + 3*i + 9, 2*c + 2*i + 6 = 0. Let q be (c - 10)*(-6)/15. Suppose 3*s + 2*y - 5 = -0, -q*s + 5*y = -45. What are the prime factors of s?
5
Suppose 0 = -15*x + 8*x - 14, 0 = 4*c - x - 113414. List the prime factors of c.
3, 13, 727
Let s(p) = -p + 2. Let d be s(-2). Let o be 4/6 + (-126)/(-54). Suppose 21 = g + o*t, d*g - t - 17 = 3*g. What are the prime factors of g?
2, 3
Let b = 333 - -2. Let f be -1*(-939)/(-1 - -4). Suppose -4*q - f = -2*k - 91, 3*k - 4*q - b = 0. What are the prime factors of k?
113
Suppose 38*c + 4*f = 36*c + 62344, 4*c - 124670 = f. What are the prime factors of c?
2, 487
Let k(j) = 20*j**3 - 2*j**2 - j + 1. Let b be k(-1). Let u = b - -23. Suppose -u*w - 69 = -y - 4*y, -5*w + 33 = 4*y. What are the prime factors of y?
2, 3
List the prime factors of (6*-1 - (-8)/(-96)*-21)*-2572.
17, 643
Suppose -27190 = -39*b + 29*b. What are the prime factors of b?
2719
Let t be 2/(-4)*((22 - 2) + -2). Let b = 287 + t. List the prime factors of 4/(-8)*b/(-1).
139
Suppose -25 = -5*s - g, -3*s + 199 = 5*g + 206. Suppose 30 = -2*f + 7*f. Suppose -f*d + 48 = s*d. List the prime factors of d.
2
List the prime factors of (72544/10)/((-42)/(-105)).
2, 2267
Suppose 5*k = -4*o + 24115, 4*o + 1532 = -3*k + 15993. List the prime factors of k.
3, 1609
Suppose -310*k + 5143902 = 117441 - 2866139. What are the prime factors of k?
2, 5, 19, 67
Let s(f) = -83*f. Let g be s(-2). Let k be (1 - 7)/(6/(-4)). Suppose -b = -k, 3*o - 2*b - g = -33. What are the prime factors of o?
47
Let g = 230 + -112. Let j 